{"id":72,"date":"2021-07-15T11:57:50","date_gmt":"2021-07-15T09:57:50","guid":{"rendered":"http:\/\/www.mpigne.ovh\/psycho\/?page_id=72"},"modified":"2021-07-15T11:57:50","modified_gmt":"2021-07-15T09:57:50","slug":"un-exemple-de-therapie-cognitivo-comportementaliste-lact","status":"publish","type":"page","link":"http:\/\/www.mpigne.ovh\/psycho\/un-exemple-de-therapie-cognitivo-comportementaliste-lact\/","title":{"rendered":"Un exemple de th\u00e9rapie cognitivo-comportementaliste : l&rsquo;ACT"},"content":{"rendered":"\n<p>L&rsquo;ACT est l&rsquo;abr\u00e9viation de Acceptation and Commitment Therapy, c&rsquo;est \u00e0 dire la th\u00e9rapie d&rsquo;acceptation et d&rsquo;engagement. C&rsquo;est une th\u00e9rapie br\u00e8ve dont l&rsquo;objectif est de d\u00e9velopper de nouvelles comp\u00e9tences cognitives pour faire face aux probl\u00e9matiques qui emp\u00eachent le patient d&rsquo;avoir une vie riche et constructive.<\/p>\n\n\n\n<p>Apr\u00e8s une anamn\u00e8se (recueil des donn\u00e9es concernant le patient), le th\u00e9rapeute et le patient d\u00e9finissent ensemble le probl\u00e8me cible et les m\u00e9canismes cognitifs sous-jacents (\u00e9motions, pens\u00e9es et comportements qui appauvrissent la vie du patient, le bloque ou l&#8217;emp\u00eache d&rsquo;avancer).<\/p>\n\n\n\n<p>Les comp\u00e9tences travaill\u00e9es par l&rsquo;ACT sont : la d\u00e9fusion avec les pens\u00e9es bloquantes, l&rsquo;acceptation des \u00e9motions d\u00e9sagr\u00e9ables, la d\u00e9couverte du soi comme conscience, l&rsquo;ancrage dans le moment pr\u00e9sent, l&rsquo;affirmation des valeurs essentielles pour le patient, la focalisation sur les actions engag\u00e9es en lien avec ces valeurs.<\/p>\n\n\n\n<p>Ce travail peut pr\u00e9c\u00e9der ou compl\u00e9ter d&rsquo;autres approches (cognitivo-comportementalistes, syst\u00e9miques, psychodynamiques,&#8230;).<\/p>\n","protected":false},"excerpt":{"rendered":"<p>L&rsquo;ACT est l&rsquo;abr\u00e9viation de Acceptation and Commitment Therapy, c&rsquo;est \u00e0 dire la th\u00e9rapie d&rsquo;acceptation et d&rsquo;engagement. C&rsquo;est une th\u00e9rapie br\u00e8ve dont l&rsquo;objectif est de d\u00e9velopper de nouvelles comp\u00e9tences cognitives pour faire face aux probl\u00e9matiques qui emp\u00eachent le patient d&rsquo;avoir une vie riche et constructive. Apr\u00e8s une anamn\u00e8se (recueil des donn\u00e9es concernant le patient), le th\u00e9rapeute &hellip; <\/p>\n<p class=\"link-more\"><a href=\"http:\/\/www.mpigne.ovh\/psycho\/un-exemple-de-therapie-cognitivo-comportementaliste-lact\/\" class=\"more-link\">Continuer la lecture<span class=\"screen-reader-text\"> de &laquo;&nbsp;Un exemple de th\u00e9rapie cognitivo-comportementaliste : l&rsquo;ACT&nbsp;&raquo;<\/span><\/a><\/p>\n","protected":false},"author":1,"featured_media":0,"parent":0,"menu_order":0,"comment_status":"closed","ping_status":"closed","template":"","meta":[],"_links":{"self":[{"href":"http:\/\/www.mpigne.ovh\/psycho\/wp-json\/wp\/v2\/pages\/72"}],"collection":[{"href":"http:\/\/www.mpigne.ovh\/psycho\/wp-json\/wp\/v2\/pages"}],"about":[{"href":"http:\/\/www.mpigne.ovh\/psycho\/wp-json\/wp\/v2\/types\/page"}],"author":[{"embeddable":true,"href":"http:\/\/www.mpigne.ovh\/psycho\/wp-json\/wp\/v2\/users\/1"}],"replies":[{"embeddable":true,"href":"http:\/\/www.mpigne.ovh\/psycho\/wp-json\/wp\/v2\/comments?post=72"}],"version-history":[{"count":1,"href":"http:\/\/www.mpigne.ovh\/psycho\/wp-json\/wp\/v2\/pages\/72\/revisions"}],"predecessor-version":[{"id":74,"href":"http:\/\/www.mpigne.ovh\/psycho\/wp-json\/wp\/v2\/pages\/72\/revisions\/74"}],"wp:attachment":[{"href":"http:\/\/www.mpigne.ovh\/psycho\/wp-json\/wp\/v2\/media?parent=72"}],"curies":[{"name":"wp","href":"https:\/\/api.w.org\/{rel}","templated":true}]}}